(i) + 11*u(i). Let x(q) = 6*q**2 - q - 2. Let m(r) = 5*f(r) + x(r). What is m(-3)?
10
Let f(y) = 2*y**3 + 0*y + 5*y - 4*y + y**2. Let w(x) = -2*x - 1. Let m be w(-1). Let r = -2 + m. Give f(r).
-2
Let a(q) = -5*q**2 - 3*q - 5. Let h(z) = -z**2 - 1. Let u(y) = a(y) - 4*h(y). Let m be u(-3). Let k(t) = -9*t**2 + t. What is k(m)?
-10
Let v(p) = -7*p. Suppose x + 5 = 7. Calculate v(x).
-14
Let j(p) = p**3 - 3*p**2 - p + 4. Suppose 2*s + 16 = -5*a - 2, -a - 8 = -4*s. Let z = 4 - s. Determine j(z).
1
Suppose 5*h - 12*h - 35 = 0. Let b(r) = r**2 + 8*r + 7. Calculate b(h).
-8
Let m(s) = s**3 - s**2 + 2*s + 5. Let y(t) = 3*t**3 - 2*t**2 + 5*t + 10. Let i(h) = 5*m(h) - 2*y(h). Let o be 0/(-6)*2/(-8). What is i(o)?
5
Let d(g) be the second derivative of 0 + 1/2*g**2 - 1/12*g**4 - g - 7/6*g**3. Let s = 11 + -17. Determine d(s).
7
Suppose -g = -4*d - 0 + 17, -2*g = -d - 1. Suppose -5*r - 25 = -4*t, -4*r + 0*t - 20 = -d*t. Let j(s) = -s**3 + 5 + 0 - 4*s**2 - 4*s - 2*s**2. Calculate j(r).
0
Let w = -15 + 21. Let t(l) = 8 + 3*l - 6*l + 2*l. Determine t(w).
2
Let z(m) be the first derivative of m**3/3 + 7*m**2/2 - 3*m - 21. Determine z(-6).
-9
Let j(b) = b**3 - 8*b**2 + 6*b + 4. Let g(o) = 9*o + 2. Let i(f) = -17*f - 3. Let m(k) = 5*g(k) + 3*i(k). Let n be m(-1). Give j(n).
-3
Suppose -2*p = p - 18. Let a = 7 - 4. Let g(i) = a*i + 4*i + p - 4*i. What is g(-5)?
-9
Let t(h) = h**3 - 6*h**2 + 5*h. Let k be (-2)/(-6) + 1/(-3). Suppose -4*b + 7 + 25 = k. Let o be b/12*15/2. What is t(o)?
0
Let l(s) = 7*s - 3. Let c(z) = -20*z + 9. Let d(q) = -6*c(q) - 17*l(q). Give d(0).
-3
Let f(o) = -o**3 - 3*o**2 + 5*o - 1. Let v be (-360)/(-44) - (-4)/(-22). Suppose 2*w + 0*w = -v. Give f(w).
-5
Suppose -n + 2 = -4. Let y(b) = -1 + 8*b - 3 - b**2 - 3*b + 2*b. Give y(n).
2
Suppose 4*p = p + n - 5, -2*p - 4*n - 22 = 0. Let q(h) be the third derivative of -1/12*h**4 - 1/2*h**3 + 0*h - h**2 - 1/60*h**5 + 0. Calculate q(p).
-6
Let l(t) = t**2 + 9*t + 9. Let h(r) = -r**3 - 25*r**2 + 2*r + 43. Let w be h(-25). Calculate l(w).
-5
Let r(g) be the first derivative of g**2 - 7*g + 5. Let c be r(3). Let m(j) = -2*j**2 + j. Determine m(c).
-3
Let d(a) be the first derivative of -1 + a - 4*a**2 - 3*a + 3*a**2. What is d(2)?
-6
Let k(d) = -d**2 + 4*d - 5. Suppose 2*p + 2 + 2 = 0. Let h be 3 - (p - 0 - -1). Give k(h).
-5
Let z(n) = -2*n**2 - n + 2. Let j(k) = k - 13. Let o be j(15). What is z(o)?
-8
Let z(x) be the second derivative of -x**5/10 + x**4/4 + x**3/6 - x**2 - x. Let t(h) = h**3. Let i(g) = -3*t(g) - z(g). Calculate i(-2).
0
Let a(y) = -3*y + 1. Let g be (-4 - -1)*6/(-9). Let m = -4 - -4. Suppose -u + m*u - g = 0. Determine a(u).
7
Let w(x) = 8*x**3 + x**2 - 6*x - 9. Let c(s) = -3*s**3 + 2*s + 3. Let u(j) = 11*c(j) + 4*w(j). Calculate u(3).
0
Suppose 0*s = 2*s + 10. Let h(a) = -a**3 - 5*a**2 + a + 6. Give h(s).
1
Let j(z) = -z**3 + z**2 + z - 1. Let o(x) = -4*x**3 + x**2 + 7*x - 4. Let s(a) = 3*j(a) - o(a). What is s(-3)?
4
Suppose 0*m - 3*m + 6 = 0. Let q(b) = -b**3 + b**2 - 2*b + 1. Calculate q(m).
-7
Let y(d) be the first derivative of 3*d**2 - d - 5 - 1/4*d**4 + 4/3*d**3. Suppose -2*t = -5*a + 23, -2*t = -4*t + 2. Calculate y(a).
4
Let g(u) = -u**2 + 6*u + 1. Let h(k) = 5*k**2 - 3. Let w(l) = 11*l**2 - 7. Let s(a) = 9*h(a) - 4*w(a). Let d be s(-2). Give g(d).
6
Let g(c) = c**3 - 2*c**2 + 2*c + 1. Let t = -2 + 11. Let a = t + -7. What is g(a)?
5
Let t(s) = 3*s**2 + 3*s. Let c(l) = l**3 + 2*l**2 - l. Let p be c(1). Let u be 1 - (p + 3/3). Calculate t(u).
6
Let d(h) be the third derivative of -2*h**2 - 1/360*h**6 + 0*h + 0 - 1/60*h**5 + 1/12*h**4 + 0*h**3. Let g(j) be the second derivative of d(j). Calculate g(-3).
4
Let c = -12 + 11. Let k(l) = 5*l**2 + l + 2. Let g be k(c). Let v(s) = -s + 1. Determine v(g).
-5
Let d(i) = i**3 - 3*i + 4. Let h be ((-4)/10)/(1/(-5)). Let f be d(h). Let b(k) = -k - 1. Calculate b(f).
-7
Let s(g) be the third derivative of g**5/60 - 5*g**4/24 + g**3/3 - 18*g**2. Let o = 6 - 1. Give s(o).
2
Suppose b + 11 = -4*b - u, 5*u = 2*b + 26. Let t(z) = 6*z + z**2 - 2*z - 14 + 16 + z. Determine t(b).
-4
Let l be 26/117 + 50/18. Suppose 4*t - 9 = l. Let o(h) = 3*h**2 + 5*h - 1 - 1 - 5*h**2. Determine o(t).
-5
Let l(n) = -n**3 - 3*n**2 + n. Let q(y) be the second derivative of -y**3/3 + 9*y**2/2 + 2*y. Let i be q(6). What is l(i)?
-3
Let d(p) = -p**3 + 4*p**2 - 3*p + 1. Let r be d(2). Let k(t) = -2*t**2 + 3*t - 2. What is k(r)?
-11
Let t(p) = -129 - 3*p + 132 - 6*p**2 + 5*p**2. What is t(-3)?
3
Let o(g) = -g**2 + 5*g - 6. Let t be 5*((-12)/(-10))/(-1). Suppose -4*d - 45 = -5. Let a = t - d. What is o(a)?
-2
Let y(m) = m**3 - m**2 - m + 5. Let a be y(0). Let s(l) = -l**3 + 5*l**2 - 7. Determine s(a).
-7
Let l(b) = -4*b - 4. Let v = 0 - -4. Suppose -4*i + 2*i - 37 = -5*n, -28 = -v*n + 2*i. Suppose -2 = -2*d - c - n, -2*c = -5*d - 22. What is l(d)?
12
Let g(d) = -2*d - 9. Let x(b) = -b - 8. Let l(u) = 6*g(u) - 7*x(u). Suppose -c + 2 = 4*n - 3*n, 0 = 4*n + 2*c - 8. Give l(n).
-8
Suppose -5 = 4*v - 21. Let k(d) be the second derivative of 1/20*d**5 - 1/2*d**3 - d - 1/4*d**4 + 0*d**2 + 0. Calculate k(v).
4
Let b(l) = l**3 - 5*l**2 + 6*l - 1. Let y be b(4). Suppose -5*v + 2 = y. Let u(w) = -w**3 - w - 1. Determine u(v).
1
Suppose 19 = b + 4*k, 5*b + 4*k - 28 = b. Let t be 15/(-12)*(b + 1). Let c(z) be the first derivative of -z**4/4 - 2*z**3 - 5*z**2/2 + z - 1. Give c(t).
1
Let s = 49 + -31. Suppose -4*a = q + s, 0 = 2*a + 5*q - 2*q + 14. Let d(x) = 2*x + 3. Calculate d(a).
-5
Let t(o) = 2*o**3 + 13*o**2 - 7*o - 3. Let k be t(-7). Let u(m) = 3*m + 1. What is u(k)?
-8
Let j be (3 - 1 - 0) + 1. Suppose -j*q + 0*q - 13 = 4*g, -5*q + 13 = -2*g. Let f(m) be the first derivative of m**4/4 + m**3 - 5*m**2/2 + 1. Give f(g).
4
Let s(p) be the second derivative of p**6/120 - p**5/10 + p**4/4 - p**3 - 5*p**2 - 8*p. Let w(a) be the first derivative of s(a). Determine w(5).
-1
Let h(x) be the third derivative of -x**5/30 + x**4/24 - x**3/3 - 13*x**2. Calculate h(2).
-8
Let i be (-7)/(-14)*(-3 - -1). Let p be 2/(-3) + (-48)/(-18). Let h(n) = -p*n**2 + 0 + 0 + 5*n**3 + 0 + 1. What is h(i)?
-6
Let v(s) be the third derivative of -1/6*s**3 + 7*s**2 + 0 - 7/24*s**4 + 0*s. Calculate v(-2).
13
Let l(m) = m**2 - 5*m + 5. Let b(n) = 2*n**3 - 3*n**2 + 2*n - 3. Let r be b(2). Give l(r).
5
Let q(h) = 6*h - 5. Let u(r) = -7*r + 6. Let n(z) = 5*z**2. Let x be n(1). Let m(w) = x*q(w) + 4*u(w). Let j be (-3 + 5)/((-8)/(-4)). Calculate m(j).
1
Suppose -3*l - l + 4 = 0. Let h(m) = 6*m - l + 3 - 8*m - 6. Calculate h(-5).
6
Let t(a) = 2 - 5 + 6*a + 2 - a. Let l(g) = -g**3 + 11*g**2 - 10*g + 2. Let i be l(10). What is t(i)?
9
Let p be 3/(-15) + 2/10. Suppose p = -d - 9 - 8. Let m(u) = 2*u. Let x(n) = -5*n - 1. Let b(l) = d*m(l) - 6*x(l). Calculate b(4).
-10
Suppose d + 7*h = 2*h - 7, -2*d - 14 = -3*h. Let u(t) = t**3 + 6*t**2 - 10*t - 7. What is u(d)?
14
Suppose -3*i = -4*s + 7, 2*s - 3*s - 22 = 4*i. Let u(o) = -o**2 - 6*o - 2. Let q be u(i). Let y(n) = -n - 2. Calculate y(q).
-5
Let d(t) = -t**2 - 4 + 4*t + 2*t**2 - t**3 + 3*t**2 - 7*t. What is d(3)?
-4
Let s(a) = a**3 - 6*a**2 + 5*a + 2. Let h be 2/(-3) + 26/3. Let v = h - 3. Calculate s(v).
2
Suppose 3*d - 3*f = f - 5, 15 = 3*f. Suppose 0*a + 25 = -d*a. Let v(j) = -7 + j - j - 2*j. Give v(a).
3
Let p = 60 + -55. Let d(m) = m + 1. Give d(p).
6
Let j(m) = -m**3 + 6*m**2 - 7*m + 1. Let o be (-1)/(4 - 21/5). Determine j(o).
-9
Let h(n) be the second derivative of n**5/20 - n**4/4 - n**3/6 + n**2/2 - 3*n. Give h(3).
-2
Let k(p) = 5*p**3 + 6*p**2 - 7*p + 11. Let y(b) = b**3 + b**2 - b + 1. Let z(l) = k(l) - 6*y(l). Suppose -16 = -2*g - 0*c - 4*c, -4*c + 16 = 0. Determine z(g).
5
Let o(w) = 3*w + 4. Let j(u) = -4*u - 4. Let a(y) = 4*j(y) + 5*o(y). What is a(3)?
1
Let n(i) = i + 3. Let o be (6/(-5))/(6/(-15)). Let g(d) = d + 2. Let q(w) = o*n(w) - 2*g(w). Determine q(-5).
0
Let b(d) be the second derivative of -d**5/20 - 5*d**4/12 - 5*d**3/6 - 3*d**2/2 + 23*d. What is b(-4)?
1
Let n(l) = 3*l**2 + l + 2. Let r = -15 + 13. Determine n(r).
12
Let d(a) = -a**3 - 4*a**2 - 6*a + 1. Suppose g - 2 = -0*g. Let m(n) = -6*n**2 + 3*n**g + 3*n - n**3 - 8*n. Let q(o) = 2*d(o) - 3*m(o). Determine q(-2).
-8
Let o(h) = -5 + 10 - 1 + 4 + 2*h. Calculate o(-7).
-6
Let q(l